{"id":90,"date":"2021-01-29T17:50:29","date_gmt":"2021-01-29T15:50:29","guid":{"rendered":"http:\/\/neu.knirpsknips.de\/?page_id=90"},"modified":"2021-02-19T15:22:08","modified_gmt":"2021-02-19T13:22:08","slug":"preise","status":"publish","type":"page","link":"https:\/\/knirpsknips.de\/?page_id=90","title":{"rendered":"Meine Angebote"},"content":{"rendered":"\n<p>Kinder- und Familienfotografie ist meine Leidenschaft! Dazu geh\u00f6ren kleine Babys mit ihren frisch gebackenen Eltern genauso wie Teenies und ihre Freunde sowie ganze Gro\u00dffamilien und nat\u00fcrlich auch euer tierisches Familienmitglied!<br>Hochzeiten geh\u00f6ren f\u00fcr mich ebenso dazu, denn, abgesehen davon dass sie die gr\u00f6\u00dften Familienfeiern sind, sind sie auch oft der Beginn einer neuen kleinen Familie.<\/p>\n\n\n\n<p>Hier findet ihr bestimmt das passende Angebot f\u00fcr euer pers\u00f6nliches Fotoshooting:<\/p>\n\n\n\n<p><a href=\"https:\/\/neu.knirpsknips.de\/?page_id=607\" data-type=\"page\" data-id=\"607\"><strong>Babybauch- und Babyfotografie<\/strong><br><\/a><a href=\"https:\/\/neu.knirpsknips.de\/?page_id=616\" data-type=\"page\" data-id=\"616\"><strong>Kinder- und Familienfotografie<\/strong><\/a><br><strong><a href=\"https:\/\/neu.knirpsknips.de\/?page_id=636\" data-type=\"page\" data-id=\"636\">Hochzeitsfotografie<\/a><br><a href=\"https:\/\/neu.knirpsknips.de\/?page_id=622\" data-type=\"page\" data-id=\"622\">Tierfotografie<\/a><\/strong><br><br><br>Und wo sind die meisten Kinder zu finden? Nat\u00fcrlich in Schulen und Kinderg\u00e4rten! Dazu findet ihr hier die Infos:<br><\/p>\n\n\n\n<p><a href=\"https:\/\/neu.knirpsknips.de\/?page_id=91\" data-type=\"page\" data-id=\"91\"><strong>Kita- und Schulfotografie<\/strong><\/a><\/p>\n","protected":false},"excerpt":{"rendered":"<p>Kinder- und Familienfotografie ist meine Leidenschaft! Dazu geh\u00f6ren kleine Babys mit ihren frisch gebackenen Eltern genauso wie Teenies und ihre Freunde sowie ganze Gro\u00dffamilien und nat\u00fcrlich auch euer&#8230;<\/p>\n","protected":false},"author":2,"featured_media":0,"parent":0,"menu_order":0,"comment_status":"closed","ping_status":"closed","template":"","meta":{"footnotes":""},"_links":{"self":[{"href":"https:\/\/knirpsknips.de\/index.php?rest_route=\/wp\/v2\/pages\/90"}],"collection":[{"href":"https:\/\/knirpsknips.de\/index.php?rest_route=\/wp\/v2\/pages"}],"about":[{"href":"https:\/\/knirpsknips.de\/index.php?rest_route=\/wp\/v2\/types\/page"}],"author":[{"embeddable":true,"href":"https:\/\/knirpsknips.de\/index.php?rest_route=\/wp\/v2\/users\/2"}],"replies":[{"embeddable":true,"href":"https:\/\/knirpsknips.de\/index.php?rest_route=%2Fwp%2Fv2%2Fcomments&post=90"}],"version-history":[{"count":14,"href":"https:\/\/knirpsknips.de\/index.php?rest_route=\/wp\/v2\/pages\/90\/revisions"}],"predecessor-version":[{"id":924,"href":"https:\/\/knirpsknips.de\/index.php?rest_route=\/wp\/v2\/pages\/90\/revisions\/924"}],"wp:attachment":[{"href":"https:\/\/knirpsknips.de\/index.php?rest_route=%2Fwp%2Fv2%2Fmedia&parent=90"}],"curies":[{"name":"wp","href":"https:\/\/api.w.org\/{rel}","templated":true}]}}