{"id":651,"date":"2021-02-05T17:52:49","date_gmt":"2021-02-05T15:52:49","guid":{"rendered":"http:\/\/neu.knirpsknips.de\/?page_id=651"},"modified":"2023-03-06T09:19:30","modified_gmt":"2023-03-06T07:19:30","slug":"preise-2","status":"publish","type":"page","link":"https:\/\/knirpsknips.de\/?page_id=651","title":{"rendered":"Preise"},"content":{"rendered":"\n<p>Hier findet ihr Preise f\u00fcr einzelne Bilder die ihr noch zu euren Paketen jederzeit dazu bestellen k\u00f6nnt. Die Angebote f\u00fcr die Fotoshootings findet ihr unter den entsprechenden Kategorien.<br><br><\/p>\n\n\n\n<p><strong>Abz\u00fcge<\/strong><br>hochwertige Abz\u00fcge mit Silk-Oberfl\u00e4che (Seidenraster) -wundersch\u00f6ne Tiefe, perfekt zum Rahmen, halten was aus, langlebig<\/p>\n\n\n\n<ul>\n<li>10 x 15 cm 5 \u20ac<\/li>\n\n\n\n<li>13 x 18 cm 8 \u20ac<\/li>\n\n\n\n<li>15 x 15 cm 10 \u20ac<\/li>\n\n\n\n<li>15 x 20 cm 12 \u20ac<\/li>\n\n\n\n<li>21 x 21 cm 15 \u20ac<\/li>\n\n\n\n<li>18 x 24 cm 15 \u20ac<\/li>\n\n\n\n<li>24 x 30 cm 18 \u20ac<\/li>\n<\/ul>\n\n\n\n<p><\/p>\n\n\n\n<p><br><br><strong>Bilddateien<\/strong><\/p>\n\n\n\n<ul>\n<li>1 Bild als Datei zum Download 15 \u20ac<\/li>\n\n\n\n<li>ab 3 Bildern als Datei zum Download je Bild 12 \u20ac<\/li>\n\n\n\n<li>ab 10 Bildern als Datei zum Download je Bild 10 \u20ac<\/li>\n\n\n\n<li>ab 20 Bildern als Datei zum Download je Bild 8 \u20ac<\/li>\n\n\n\n<li>ab 50 Bildern als Datei zum Download je Bild 6 \u20ac<\/li>\n<\/ul>\n\n\n\n<p>Nat\u00fcrlich k\u00f6nnt ihr \u00fcber mich auch Leinw\u00e4nde, Acrylbilder oder Holzbilder bestellen. Sprecht mich einfach auf eure W\u00fcnsche an!<\/p>\n","protected":false},"excerpt":{"rendered":"<p>Hier findet ihr Preise f\u00fcr einzelne Bilder die ihr noch zu euren Paketen jederzeit dazu bestellen k\u00f6nnt. Die Angebote f\u00fcr die Fotoshootings findet ihr unter den entsprechenden Kategorien&#8230;.<\/p>\n","protected":false},"author":2,"featured_media":0,"parent":0,"menu_order":0,"comment_status":"closed","ping_status":"closed","template":"","meta":{"footnotes":""},"_links":{"self":[{"href":"https:\/\/knirpsknips.de\/index.php?rest_route=\/wp\/v2\/pages\/651"}],"collection":[{"href":"https:\/\/knirpsknips.de\/index.php?rest_route=\/wp\/v2\/pages"}],"about":[{"href":"https:\/\/knirpsknips.de\/index.php?rest_route=\/wp\/v2\/types\/page"}],"author":[{"embeddable":true,"href":"https:\/\/knirpsknips.de\/index.php?rest_route=\/wp\/v2\/users\/2"}],"replies":[{"embeddable":true,"href":"https:\/\/knirpsknips.de\/index.php?rest_route=%2Fwp%2Fv2%2Fcomments&post=651"}],"version-history":[{"count":8,"href":"https:\/\/knirpsknips.de\/index.php?rest_route=\/wp\/v2\/pages\/651\/revisions"}],"predecessor-version":[{"id":1080,"href":"https:\/\/knirpsknips.de\/index.php?rest_route=\/wp\/v2\/pages\/651\/revisions\/1080"}],"wp:attachment":[{"href":"https:\/\/knirpsknips.de\/index.php?rest_route=%2Fwp%2Fv2%2Fmedia&parent=651"}],"curies":[{"name":"wp","href":"https:\/\/api.w.org\/{rel}","templated":true}]}}