{"id":607,"date":"2021-02-05T13:19:42","date_gmt":"2021-02-05T11:19:42","guid":{"rendered":"http:\/\/neu.knirpsknips.de\/?page_id=607"},"modified":"2025-07-08T09:20:27","modified_gmt":"2025-07-08T07:20:27","slug":"meine-angebote-fuer-babybauch-und-babyfotografie","status":"publish","type":"page","link":"https:\/\/knirpsknips.de\/?page_id=607","title":{"rendered":"Babybauch- und Babyfotografie"},"content":{"rendered":"\n<p class=\"has-text-align-right has-light-gray-color has-text-color\" style=\"font-size:30px\"><strong>Babybauch-Fotoshooting 199 \u20ac<\/strong><\/p>\n\n\n\n<p>Du bist schwanger und ihr m\u00f6chtet sch\u00f6ne Erinnerungen an diese besondere Zeit? Dann sollten wir am besten einen Termin um den 8. Monat anvisieren. Da ist der Bauch sch\u00f6n rund und die F\u00fc\u00dfe noch nicht zu dick! \ud83d\ude09<\/p>\n\n\n\n<p>Telefonisch besprechen wir eure W\u00fcnsche und wo und wann wir uns treffen. Meldet euch: 0177\/687 54 06 &#8211; Ich freu mich auf euch!<\/p>\n\n\n\n<figure class=\"wp-block-image size-large\"><img loading=\"lazy\" decoding=\"async\" width=\"1024\" height=\"683\" src=\"https:\/\/neu.knirpsknips.de\/wp-content\/uploads\/2021\/02\/DSC_3555-1024x683.jpg\" alt=\"\" class=\"wp-image-594\" srcset=\"https:\/\/knirpsknips.de\/wp-content\/uploads\/2021\/02\/DSC_3555-1024x683.jpg 1024w, https:\/\/knirpsknips.de\/wp-content\/uploads\/2021\/02\/DSC_3555-300x200.jpg 300w, https:\/\/knirpsknips.de\/wp-content\/uploads\/2021\/02\/DSC_3555-768x512.jpg 768w, https:\/\/knirpsknips.de\/wp-content\/uploads\/2021\/02\/DSC_3555-1536x1024.jpg 1536w, https:\/\/knirpsknips.de\/wp-content\/uploads\/2021\/02\/DSC_3555-2048x1365.jpg 2048w, https:\/\/knirpsknips.de\/wp-content\/uploads\/2021\/02\/DSC_3555-973x649.jpg 973w, https:\/\/knirpsknips.de\/wp-content\/uploads\/2021\/02\/DSC_3555-508x339.jpg 508w\" sizes=\"(max-width: 1024px) 100vw, 1024px\" \/><\/figure>\n\n\n\n<p>Dann treffen wir uns zu einem Fotoshooting f\u00fcr  1,5-2 Std.  bei euch zu Hause oder drau\u00dfen an einem sch\u00f6nen Ort eurer Wahl.<br>Ein paar Tage sp\u00e4ter melde ich mich mit Zugangsdaten zu einer Online-Galerie in der ihr eure Bilder gem\u00fctlich von zu Hause anschauen und ausw\u00e4hlen k\u00f6nnt. Im Preis inklusive sind 8 Abz\u00fcge in 13&#215;18 cm oder 4 Bilder als Datei.  Abz\u00fcge sende ich euch dann mit der Post zu und Dateien gibt es ganz schnell und einfach als Downloadlink.<\/p>\n\n\n\n<p>Preise f\u00fcr weitere Bilder findet ihr unter Preise.<\/p>\n\n\n\n<p class=\"has-text-align-right has-light-gray-color has-text-color\" style=\"font-size:30px\"><strong>Baby-Fotoshooting 249 \u20ac<\/strong><\/p>\n\n\n\n<p>Du erwartest ein Baby und ihr m\u00f6chtet sch\u00f6ne Erinnerungen an diese wundervollen ersten Tage? Dann sollten wir am besten einen Termin innerhalb der ersten 10 Tage anvisieren. Da sind die Kleinen noch richtig schl\u00e4frig und mini, danach k\u00f6nnt ihr jeden Tag zusehen wie sie gr\u00f6\u00dfer und gr\u00f6\u00dfer werden -s\u00fc\u00df sind sie aber nat\u00fcrlich immer!<\/p>\n\n\n\n<p>Telefonisch besprechen wir eure W\u00fcnsche und wo und wann wir uns treffen. Meldet euch: 0177\/687 54 06 &#8211; Ich freu mich auf euch!<\/p>\n\n\n\n<figure class=\"wp-block-image size-large\"><img loading=\"lazy\" decoding=\"async\" width=\"2365\" height=\"1773\" src=\"https:\/\/neu.knirpsknips.de\/wp-content\/uploads\/2021\/02\/Samuel-5411-edited.jpg\" alt=\"\" class=\"wp-image-600\" srcset=\"https:\/\/knirpsknips.de\/wp-content\/uploads\/2021\/02\/Samuel-5411-edited.jpg 2365w, https:\/\/knirpsknips.de\/wp-content\/uploads\/2021\/02\/Samuel-5411-edited-300x225.jpg 300w, https:\/\/knirpsknips.de\/wp-content\/uploads\/2021\/02\/Samuel-5411-edited-1024x768.jpg 1024w, https:\/\/knirpsknips.de\/wp-content\/uploads\/2021\/02\/Samuel-5411-edited-768x576.jpg 768w, https:\/\/knirpsknips.de\/wp-content\/uploads\/2021\/02\/Samuel-5411-edited-1536x1152.jpg 1536w, https:\/\/knirpsknips.de\/wp-content\/uploads\/2021\/02\/Samuel-5411-edited-2048x1535.jpg 2048w, https:\/\/knirpsknips.de\/wp-content\/uploads\/2021\/02\/Samuel-5411-edited-973x729.jpg 973w, https:\/\/knirpsknips.de\/wp-content\/uploads\/2021\/02\/Samuel-5411-edited-508x381.jpg 508w\" sizes=\"(max-width: 2365px) 100vw, 2365px\" \/><\/figure>\n\n\n\n<p>Dann treffen wir uns zu einem Fotoshooting f\u00fcr  1,5-2 Std.  bei euch zu Hause. Ich werde diverse Requisiten und Licht dabei haben und entscheide dann vor Ort was am besten geeignet ist. Man braucht f\u00fcr Neugeborenenfotos nicht viel Platz und euer zu Hause kann auch eine sch\u00f6ne Kulisse sein. Auf jeden Fall ist es ganz entspannt in den eigenen vier W\u00e4nden. Ihr m\u00fcsst nicht termingenau irgendwo sein, k\u00f6nnt jederzeit wickeln und f\u00fcttern und wir k\u00f6nnen gemeinsam entscheiden was das Kleine anziehen soll. Und zwischendurch entstehen immer noch sch\u00f6ne Homestory-Aufnahmen. <br>(Und macht euch blo\u00df keinen Stress um Ordnung und Sauberkeit, das sieht weder meine Kamera noch ich und Photoshop erledigt den Rest! \ud83d\ude09 )<\/p>\n\n\n\n<figure class=\"wp-block-image size-large\"><img loading=\"lazy\" decoding=\"async\" width=\"1024\" height=\"684\" src=\"https:\/\/neu.knirpsknips.de\/wp-content\/uploads\/2021\/02\/Len-4659-1024x684.jpg\" alt=\"\" class=\"wp-image-479\" srcset=\"https:\/\/knirpsknips.de\/wp-content\/uploads\/2021\/02\/Len-4659-1024x684.jpg 1024w, https:\/\/knirpsknips.de\/wp-content\/uploads\/2021\/02\/Len-4659-300x200.jpg 300w, https:\/\/knirpsknips.de\/wp-content\/uploads\/2021\/02\/Len-4659-768x513.jpg 768w, https:\/\/knirpsknips.de\/wp-content\/uploads\/2021\/02\/Len-4659-1536x1025.jpg 1536w, https:\/\/knirpsknips.de\/wp-content\/uploads\/2021\/02\/Len-4659-2048x1367.jpg 2048w, https:\/\/knirpsknips.de\/wp-content\/uploads\/2021\/02\/Len-4659-973x649.jpg 973w, https:\/\/knirpsknips.de\/wp-content\/uploads\/2021\/02\/Len-4659-508x339.jpg 508w\" sizes=\"(max-width: 1024px) 100vw, 1024px\" \/><\/figure>\n\n\n\n<p>Ein paar Tage sp\u00e4ter melde ich mich dann mit Zugangsdaten zu einer Online-Galerie in der ihr eure Bilder gem\u00fctlich von zu Hause anschauen und ausw\u00e4hlen k\u00f6nnt.<br>Im Preis inklusive sind 8 Abz\u00fcge in 13&#215;18 cm oder 4 Bilder als Datei.  Abz\u00fcge sende ich euch dann mit der Post zu und Dateien gibt es ganz schnell und einfach als Downloadlink.<br>Preise f\u00fcr weitere Bilder findet ihr unter Preise.<\/p>\n\n\n\n<p class=\"has-text-align-right has-light-gray-color has-text-color\" style=\"font-size:30px\"><strong>Kombipaket Bauch &amp; Baby 390 \u20ac<\/strong><\/p>\n\n\n\n<p>Du bist schwanger und ihr m\u00f6chtet sch\u00f6ne Erinnerungen an diese besondere Zeit und im Anschluss die Babyfotos gleich dazu? Dann bekommt ihr die Angebote Babybauch-Fotoshooting und Baby-Fotoshooting im Paket g\u00fcnstiger.<\/p>\n\n\n\n<p>Meldet euch: 0177\/687 54 06 &#8211; Ich freu mich auf euch!<\/p>\n\n\n\n<div class=\"wp-block-group is-layout-flow wp-block-group-is-layout-flow\"><div class=\"wp-block-group__inner-container\">\n<figure class=\"wp-block-gallery has-nested-images columns-default is-cropped wp-block-gallery-1 is-layout-flex wp-block-gallery-is-layout-flex\">\n<figure class=\"wp-block-image size-large\"><img loading=\"lazy\" decoding=\"async\" width=\"684\" height=\"1024\" src=\"https:\/\/neu.knirpsknips.de\/wp-content\/uploads\/2021\/02\/DSC_5046-684x1024.jpg\" alt=\"\" class=\"wp-image-609\" srcset=\"https:\/\/knirpsknips.de\/wp-content\/uploads\/2021\/02\/DSC_5046-684x1024.jpg 684w, https:\/\/knirpsknips.de\/wp-content\/uploads\/2021\/02\/DSC_5046-200x300.jpg 200w, https:\/\/knirpsknips.de\/wp-content\/uploads\/2021\/02\/DSC_5046-768x1151.jpg 768w, https:\/\/knirpsknips.de\/wp-content\/uploads\/2021\/02\/DSC_5046-1025x1536.jpg 1025w, https:\/\/knirpsknips.de\/wp-content\/uploads\/2021\/02\/DSC_5046-1367x2048.jpg 1367w, https:\/\/knirpsknips.de\/wp-content\/uploads\/2021\/02\/DSC_5046-973x1458.jpg 973w, https:\/\/knirpsknips.de\/wp-content\/uploads\/2021\/02\/DSC_5046-508x761.jpg 508w, https:\/\/knirpsknips.de\/wp-content\/uploads\/2021\/02\/DSC_5046-scaled.jpg 1709w\" sizes=\"(max-width: 684px) 100vw, 684px\" \/><\/figure>\n\n\n\n<figure class=\"wp-block-image size-large\"><img loading=\"lazy\" decoding=\"async\" width=\"684\" height=\"1024\" src=\"https:\/\/neu.knirpsknips.de\/wp-content\/uploads\/2021\/02\/Mus-9321-684x1024.jpg\" alt=\"\" class=\"wp-image-577\" srcset=\"https:\/\/knirpsknips.de\/wp-content\/uploads\/2021\/02\/Mus-9321-684x1024.jpg 684w, https:\/\/knirpsknips.de\/wp-content\/uploads\/2021\/02\/Mus-9321-200x300.jpg 200w, https:\/\/knirpsknips.de\/wp-content\/uploads\/2021\/02\/Mus-9321-768x1151.jpg 768w, https:\/\/knirpsknips.de\/wp-content\/uploads\/2021\/02\/Mus-9321-1025x1536.jpg 1025w, https:\/\/knirpsknips.de\/wp-content\/uploads\/2021\/02\/Mus-9321-1367x2048.jpg 1367w, https:\/\/knirpsknips.de\/wp-content\/uploads\/2021\/02\/Mus-9321-973x1458.jpg 973w, https:\/\/knirpsknips.de\/wp-content\/uploads\/2021\/02\/Mus-9321-508x761.jpg 508w, https:\/\/knirpsknips.de\/wp-content\/uploads\/2021\/02\/Mus-9321-scaled.jpg 1709w\" sizes=\"(max-width: 684px) 100vw, 684px\" \/><\/figure>\n<\/figure>\n<\/div><\/div>\n\n\n\n<p><br><br><br><br>Alle genannten Preise verstehen sich inklusive der gesetzlichen Umsatzsteuer.<\/p>\n","protected":false},"excerpt":{"rendered":"<p>Babybauch-Fotoshooting 199 \u20ac Du bist schwanger und ihr m\u00f6chtet sch\u00f6ne Erinnerungen an diese besondere Zeit? Dann sollten wir am besten einen Termin um den 8. Monat anvisieren. Da&#8230;<\/p>\n","protected":false},"author":2,"featured_media":0,"parent":0,"menu_order":0,"comment_status":"closed","ping_status":"closed","template":"","meta":{"footnotes":""},"_links":{"self":[{"href":"https:\/\/knirpsknips.de\/index.php?rest_route=\/wp\/v2\/pages\/607"}],"collection":[{"href":"https:\/\/knirpsknips.de\/index.php?rest_route=\/wp\/v2\/pages"}],"about":[{"href":"https:\/\/knirpsknips.de\/index.php?rest_route=\/wp\/v2\/types\/page"}],"author":[{"embeddable":true,"href":"https:\/\/knirpsknips.de\/index.php?rest_route=\/wp\/v2\/users\/2"}],"replies":[{"embeddable":true,"href":"https:\/\/knirpsknips.de\/index.php?rest_route=%2Fwp%2Fv2%2Fcomments&post=607"}],"version-history":[{"count":7,"href":"https:\/\/knirpsknips.de\/index.php?rest_route=\/wp\/v2\/pages\/607\/revisions"}],"predecessor-version":[{"id":1193,"href":"https:\/\/knirpsknips.de\/index.php?rest_route=\/wp\/v2\/pages\/607\/revisions\/1193"}],"wp:attachment":[{"href":"https:\/\/knirpsknips.de\/index.php?rest_route=%2Fwp%2Fv2%2Fmedia&parent=607"}],"curies":[{"name":"wp","href":"https:\/\/api.w.org\/{rel}","templated":true}]}}